{"id":250,"date":"2025-10-24T13:51:55","date_gmt":"2025-10-24T12:51:55","guid":{"rendered":"https:\/\/amicidilapierre.ch\/?page_id=250"},"modified":"2025-10-24T14:42:45","modified_gmt":"2025-10-24T13:42:45","slug":"progetti","status":"publish","type":"page","link":"https:\/\/amicidilapierre.ch\/?page_id=250","title":{"rendered":"Progetti"},"content":{"rendered":"\n<h1>I Progetti<\/h1>\n\n\n\n<p>A partire dal 2015 i nostri sforzi si sono orientati al sostegno di un importante centro d\u2018accoglienza e presa a carico per minori con disabilit\u00e0, l\u2019<strong>Asha Bhavan Centre<\/strong>. \u00c8 iniziata cos\u00ec un\u2019intensa e straordinaria collaborazione che ha permesso di lavorare fianco a fianco alla creazione di progetti di eccellenza e di riferimento nel campo della disabilit\u00e0 infantile.<\/p>\n\n\n\n<p><a href=\"https:\/\/amicidilapierre.ch\/wp-content\/uploads\/2025\/10\/Progetto-generale.pdf\">&gt; Scopri di pi\u00f9 sul progetto generale della nostra Associazione.<\/a><\/p>\n\n\n\n<p><\/p>\n\n\n\n<div class=\"wp-block-media-text is-stacked-on-mobile\" style=\"grid-template-columns:32% auto\"><figure class=\"wp-block-media-text__media\"><img loading=\"lazy\" decoding=\"async\" width=\"1024\" height=\"683\" src=\"https:\/\/amicidilapierre.ch\/wp-content\/uploads\/2025\/10\/0O3A4236-1024x683.jpg\" alt=\"\" class=\"wp-image-270 size-full\" srcset=\"https:\/\/amicidilapierre.ch\/wp-content\/uploads\/2025\/10\/0O3A4236-1024x683.jpg 1024w, https:\/\/amicidilapierre.ch\/wp-content\/uploads\/2025\/10\/0O3A4236-300x200.jpg 300w, https:\/\/amicidilapierre.ch\/wp-content\/uploads\/2025\/10\/0O3A4236-768x512.jpg 768w, https:\/\/amicidilapierre.ch\/wp-content\/uploads\/2025\/10\/0O3A4236-1536x1024.jpg 1536w, https:\/\/amicidilapierre.ch\/wp-content\/uploads\/2025\/10\/0O3A4236-2048x1365.jpg 2048w\" sizes=\"auto, (max-width: 1024px) 100vw, 1024px\" \/><\/figure><div class=\"wp-block-media-text__content\">\n<h2 class=\"wp-block-heading\">Il laboratorio ortopedico<\/h2>\n\n\n\n<p>Un laboratorio ortopedico all&#8217;interno del Centro ABC per la realizzazione di protesi e ortesi per bambini con disabilit\u00e0.<br>Il laboratorio \u00e8 per\u00f2 anche aperto a tutta la popolazione nei pressi del centro e a beneficio degli altri progetti territoriali.<\/p>\n<\/div><\/div>\n\n\n\n<div class=\"wp-block-media-text has-media-on-the-right is-stacked-on-mobile\" style=\"grid-template-columns:auto 32%\"><div class=\"wp-block-media-text__content\">\n<h2 class=\"wp-block-heading\">Il Centro ABC e la scuola<\/h2>\n\n\n\n<p>Il centro d\u2018accoglienza e presa a carico per minori con disabilit\u00e0, l\u2019<strong>Asha Bhavan Centre<\/strong> e la sua scuola interna per l\u2019accompagnamento di bambine e bambini disabili nel loro percorso d&#8217;istruzione individualizzato.<\/p>\n<\/div><figure class=\"wp-block-media-text__media\"><img loading=\"lazy\" decoding=\"async\" width=\"1024\" height=\"694\" src=\"https:\/\/amicidilapierre.ch\/wp-content\/uploads\/2017\/01\/IMG_1252-1024x694.jpg\" alt=\"\" class=\"wp-image-87 size-full\" srcset=\"https:\/\/amicidilapierre.ch\/wp-content\/uploads\/2017\/01\/IMG_1252-1024x694.jpg 1024w, https:\/\/amicidilapierre.ch\/wp-content\/uploads\/2017\/01\/IMG_1252-300x203.jpg 300w, https:\/\/amicidilapierre.ch\/wp-content\/uploads\/2017\/01\/IMG_1252-768x521.jpg 768w\" sizes=\"auto, (max-width: 1024px) 100vw, 1024px\" \/><\/figure><\/div>\n\n\n\n<div class=\"wp-block-media-text is-stacked-on-mobile\" style=\"grid-template-columns:32% auto\"><figure class=\"wp-block-media-text__media\"><img loading=\"lazy\" decoding=\"async\" width=\"1024\" height=\"768\" src=\"https:\/\/amicidilapierre.ch\/wp-content\/uploads\/2025\/10\/IMG_20220311_121911507-1024x768.jpg\" alt=\"\" class=\"wp-image-272 size-full\" srcset=\"https:\/\/amicidilapierre.ch\/wp-content\/uploads\/2025\/10\/IMG_20220311_121911507-1024x768.jpg 1024w, https:\/\/amicidilapierre.ch\/wp-content\/uploads\/2025\/10\/IMG_20220311_121911507-300x225.jpg 300w, https:\/\/amicidilapierre.ch\/wp-content\/uploads\/2025\/10\/IMG_20220311_121911507-768x576.jpg 768w, https:\/\/amicidilapierre.ch\/wp-content\/uploads\/2025\/10\/IMG_20220311_121911507-1536x1152.jpg 1536w, https:\/\/amicidilapierre.ch\/wp-content\/uploads\/2025\/10\/IMG_20220311_121911507-2048x1536.jpg 2048w\" sizes=\"auto, (max-width: 1024px) 100vw, 1024px\" \/><\/figure><div class=\"wp-block-media-text__content\">\n<h2 class=\"wp-block-heading\">I centri di riabilitazione ambulatoriale (CBR)<\/h2>\n\n\n\n<p>I centri di riabilitazione ambulatoriale territoriali (CBR) per la presa carico della disabilit\u00e0 da parte di personale competente e formato direttamente in prossimit\u00e0 dei luoghi di vita degli utenti.<\/p>\n\n\n\n<p><strong>Scopri di pi\u00f9 sui differenti CBR<\/strong>:<\/p>\n\n\n\n<p><a href=\"https:\/\/amicidilapierre.ch\/wp-content\/uploads\/2025\/10\/Prospetto-A5-Amoragori.pdf\">> Amoragori<\/a><br><a href=\"https:\/\/amicidilapierre.ch\/wp-content\/uploads\/2025\/10\/Prospetto-A5-Bagnan.pdf\">> Bagnan<\/a><br><a href=\"https:\/\/amicidilapierre.ch\/wp-content\/uploads\/2025\/10\/Prospetto-A5-Ghoksardanga.pdf\">> Ghoksardanga<\/a><br><a href=\"https:\/\/amicidilapierre.ch\/wp-content\/uploads\/2025\/10\/Prospetto-A5-Khidirpur.pdf\">> Khidirpur<\/a><br><a href=\"https:\/\/amicidilapierre.ch\/wp-content\/uploads\/2025\/10\/Prospetto-A5-Mathabhanga.pdf\">> Mathabhanga<\/a><br><\/p>\n\n\n\n<p><\/p>\n<\/div><\/div>\n\n\n\n<div class=\"wp-block-media-text has-media-on-the-right is-stacked-on-mobile\" style=\"grid-template-columns:auto 32%\"><div class=\"wp-block-media-text__content\">\n<h2 class=\"wp-block-heading\">Depistaggio paralisi celebrale infantile (LEAP-CP)<\/h2>\n\n\n\n<p>Sosteniamo la messa in opera di un importante progetto di depistaggio precoce della paralisi cerebrale neonatale ideato dall\u2019Universit\u00e0 del Queensland in Australia e promosso a livello internazionale (LEAP-CP).<br><a href=\"https:\/\/amicidilapierre.ch\/wp-content\/uploads\/2025\/10\/LEAP-CP-banner.pdf\">&gt; Scopri di pi\u00f9<\/a><\/p>\n<\/div><figure class=\"wp-block-media-text__media\"><img loading=\"lazy\" decoding=\"async\" width=\"1024\" height=\"683\" src=\"https:\/\/amicidilapierre.ch\/wp-content\/uploads\/2025\/10\/DSC_0168-1024x683.jpg\" alt=\"\" class=\"wp-image-271 size-full\" srcset=\"https:\/\/amicidilapierre.ch\/wp-content\/uploads\/2025\/10\/DSC_0168-1024x683.jpg 1024w, https:\/\/amicidilapierre.ch\/wp-content\/uploads\/2025\/10\/DSC_0168-300x200.jpg 300w, https:\/\/amicidilapierre.ch\/wp-content\/uploads\/2025\/10\/DSC_0168-768x512.jpg 768w, https:\/\/amicidilapierre.ch\/wp-content\/uploads\/2025\/10\/DSC_0168-1536x1024.jpg 1536w, https:\/\/amicidilapierre.ch\/wp-content\/uploads\/2025\/10\/DSC_0168-2048x1365.jpg 2048w\" sizes=\"auto, (max-width: 1024px) 100vw, 1024px\" \/><\/figure><\/div>\n\n\n\n<p><\/p>\n","protected":false},"excerpt":{"rendered":"<p>I Progetti A partire dal 2015 i nostri sforzi si sono orientati al sostegno di un importante centro d\u2018accoglienza e presa a carico per minori con disabilit\u00e0, l\u2019Asha Bhavan Centre. [&hellip;]<\/p>\n","protected":false},"author":1,"featured_media":0,"parent":0,"menu_order":0,"comment_status":"closed","ping_status":"closed","template":"","meta":{"footnotes":""},"class_list":["post-250","page","type-page","status-publish","hentry"],"_links":{"self":[{"href":"https:\/\/amicidilapierre.ch\/index.php?rest_route=\/wp\/v2\/pages\/250","targetHints":{"allow":["GET"]}}],"collection":[{"href":"https:\/\/amicidilapierre.ch\/index.php?rest_route=\/wp\/v2\/pages"}],"about":[{"href":"https:\/\/amicidilapierre.ch\/index.php?rest_route=\/wp\/v2\/types\/page"}],"author":[{"embeddable":true,"href":"https:\/\/amicidilapierre.ch\/index.php?rest_route=\/wp\/v2\/users\/1"}],"replies":[{"embeddable":true,"href":"https:\/\/amicidilapierre.ch\/index.php?rest_route=%2Fwp%2Fv2%2Fcomments&post=250"}],"version-history":[{"count":16,"href":"https:\/\/amicidilapierre.ch\/index.php?rest_route=\/wp\/v2\/pages\/250\/revisions"}],"predecessor-version":[{"id":280,"href":"https:\/\/amicidilapierre.ch\/index.php?rest_route=\/wp\/v2\/pages\/250\/revisions\/280"}],"wp:attachment":[{"href":"https:\/\/amicidilapierre.ch\/index.php?rest_route=%2Fwp%2Fv2%2Fmedia&parent=250"}],"curies":[{"name":"wp","href":"https:\/\/api.w.org\/{rel}","templated":true}]}}

<h1>I Progetti</h1>



<p>A partire dal 2015 i nostri sforzi si sono orientati al sostegno di un importante centro d‘accoglienza e presa a carico per minori con disabilità, l’<strong>Asha Bhavan Centre</strong>. È iniziata così un’intensa e straordinaria collaborazione che ha permesso di lavorare fianco a fianco alla creazione di progetti di eccellenza e di riferimento nel campo della disabilità infantile.</p>



<p><a href="https://amicidilapierre.ch/wp-content/uploads/2025/10/Progetto-generale.pdf">&gt; Scopri di più sul progetto generale della nostra Associazione.</a></p>



<p></p>



<div class="wp-block-media-text is-stacked-on-mobile" style="grid-template-columns:32% auto"><figure class="wp-block-media-text__media"><img loading="lazy" decoding="async" width="1024" height="683" src="https://amicidilapierre.ch/wp-content/uploads/2025/10/0O3A4236-1024x683.jpg" alt="" class="wp-image-270 size-full" srcset="https://amicidilapierre.ch/wp-content/uploads/2025/10/0O3A4236-1024x683.jpg 1024w, https://amicidilapierre.ch/wp-content/uploads/2025/10/0O3A4236-300x200.jpg 300w, https://amicidilapierre.ch/wp-content/uploads/2025/10/0O3A4236-768x512.jpg 768w, https://amicidilapierre.ch/wp-content/uploads/2025/10/0O3A4236-1536x1024.jpg 1536w, https://amicidilapierre.ch/wp-content/uploads/2025/10/0O3A4236-2048x1365.jpg 2048w" sizes="auto, (max-width: 1024px) 100vw, 1024px" /></figure><div class="wp-block-media-text__content">
<h2 class="wp-block-heading">Il laboratorio ortopedico</h2>



<p>Un laboratorio ortopedico all&#8217;interno del Centro ABC per la realizzazione di protesi e ortesi per bambini con disabilità.<br>Il laboratorio è però anche aperto a tutta la popolazione nei pressi del centro e a beneficio degli altri progetti territoriali.</p>
</div></div>



<div class="wp-block-media-text has-media-on-the-right is-stacked-on-mobile" style="grid-template-columns:auto 32%"><div class="wp-block-media-text__content">
<h2 class="wp-block-heading">Il Centro ABC e la scuola</h2>



<p>Il centro d‘accoglienza e presa a carico per minori con disabilità, l’<strong>Asha Bhavan Centre</strong> e la sua scuola interna per l’accompagnamento di bambine e bambini disabili nel loro percorso d&#8217;istruzione individualizzato.</p>
</div><figure class="wp-block-media-text__media"><img loading="lazy" decoding="async" width="1024" height="694" src="https://amicidilapierre.ch/wp-content/uploads/2017/01/IMG_1252-1024x694.jpg" alt="" class="wp-image-87 size-full" srcset="https://amicidilapierre.ch/wp-content/uploads/2017/01/IMG_1252-1024x694.jpg 1024w, https://amicidilapierre.ch/wp-content/uploads/2017/01/IMG_1252-300x203.jpg 300w, https://amicidilapierre.ch/wp-content/uploads/2017/01/IMG_1252-768x521.jpg 768w" sizes="auto, (max-width: 1024px) 100vw, 1024px" /></figure></div>



<div class="wp-block-media-text is-stacked-on-mobile" style="grid-template-columns:32% auto"><figure class="wp-block-media-text__media"><img loading="lazy" decoding="async" width="1024" height="768" src="https://amicidilapierre.ch/wp-content/uploads/2025/10/IMG_20220311_121911507-1024x768.jpg" alt="" class="wp-image-272 size-full" srcset="https://amicidilapierre.ch/wp-content/uploads/2025/10/IMG_20220311_121911507-1024x768.jpg 1024w, https://amicidilapierre.ch/wp-content/uploads/2025/10/IMG_20220311_121911507-300x225.jpg 300w, https://amicidilapierre.ch/wp-content/uploads/2025/10/IMG_20220311_121911507-768x576.jpg 768w, https://amicidilapierre.ch/wp-content/uploads/2025/10/IMG_20220311_121911507-1536x1152.jpg 1536w, https://amicidilapierre.ch/wp-content/uploads/2025/10/IMG_20220311_121911507-2048x1536.jpg 2048w" sizes="auto, (max-width: 1024px) 100vw, 1024px" /></figure><div class="wp-block-media-text__content">
<h2 class="wp-block-heading">I centri di riabilitazione ambulatoriale (CBR)</h2>



<p>I centri di riabilitazione ambulatoriale territoriali (CBR) per la presa carico della disabilità da parte di personale competente e formato direttamente in prossimità dei luoghi di vita degli utenti.</p>



<p><strong>Scopri di più sui differenti CBR</strong>:</p>



<p><a href="https://amicidilapierre.ch/wp-content/uploads/2025/10/Prospetto-A5-Amoragori.pdf">> Amoragori</a><br><a href="https://amicidilapierre.ch/wp-content/uploads/2025/10/Prospetto-A5-Bagnan.pdf">> Bagnan</a><br><a href="https://amicidilapierre.ch/wp-content/uploads/2025/10/Prospetto-A5-Ghoksardanga.pdf">> Ghoksardanga</a><br><a href="https://amicidilapierre.ch/wp-content/uploads/2025/10/Prospetto-A5-Khidirpur.pdf">> Khidirpur</a><br><a href="https://amicidilapierre.ch/wp-content/uploads/2025/10/Prospetto-A5-Mathabhanga.pdf">> Mathabhanga</a><br></p>



<p></p>
</div></div>



<div class="wp-block-media-text has-media-on-the-right is-stacked-on-mobile" style="grid-template-columns:auto 32%"><div class="wp-block-media-text__content">
<h2 class="wp-block-heading">Depistaggio paralisi celebrale infantile (LEAP-CP)</h2>



<p>Sosteniamo la messa in opera di un importante progetto di depistaggio precoce della paralisi cerebrale neonatale ideato dall’Università del Queensland in Australia e promosso a livello internazionale (LEAP-CP).<br><a href="https://amicidilapierre.ch/wp-content/uploads/2025/10/LEAP-CP-banner.pdf">&gt; Scopri di più</a></p>
</div><figure class="wp-block-media-text__media"><img loading="lazy" decoding="async" width="1024" height="683" src="https://amicidilapierre.ch/wp-content/uploads/2025/10/DSC_0168-1024x683.jpg" alt="" class="wp-image-271 size-full" srcset="https://amicidilapierre.ch/wp-content/uploads/2025/10/DSC_0168-1024x683.jpg 1024w, https://amicidilapierre.ch/wp-content/uploads/2025/10/DSC_0168-300x200.jpg 300w, https://amicidilapierre.ch/wp-content/uploads/2025/10/DSC_0168-768x512.jpg 768w, https://amicidilapierre.ch/wp-content/uploads/2025/10/DSC_0168-1536x1024.jpg 1536w, https://amicidilapierre.ch/wp-content/uploads/2025/10/DSC_0168-2048x1365.jpg 2048w" sizes="auto, (max-width: 1024px) 100vw, 1024px" /></figure></div>



<p></p>

<p>I Progetti A partire dal 2015 i nostri sforzi si sono orientati al sostegno di un importante centro d‘accoglienza e presa a carico per minori con disabilità, l’Asha Bhavan Centre. [&hellip;]</p>
